+ 21. Let b(t) = t**3 - t. Let s be b(-1). What is the remainder when y(s) is divided by 11?
10
Let v(p) = -p + 19. Suppose 0*j - 2*c = 2*j - 30, -21 = -2*j - 5*c. What is the remainder when v(-16) is divided by j?
17
Let q(k) = -2*k + 2*k + 6*k - 4*k - 6. Suppose -2*g = 2*v - 6*g + 8, 0 = -5*v - 4*g + 50. What is the remainder when v is divided by q(4)?
0
Let i = 107 + -60. Calculate the remainder when i is divided by 12.
11
Suppose 6*m = 2*m + 48. What is the remainder when 42 is divided by m?
6
Let j be ((-16)/(-24))/((-4)/(-186)). Let c = j + -19. Suppose -55 - 85 = -4*b. Calculate the remainder when b is divided by c.
11
Suppose 3*i - g - 9 = 0, 5*g + 13 = 2*i + 2*g. Suppose -i*a + 975 = 3*a. Suppose 0 = 4*k - 7*k + a. What is the remainder when k is divided by 22?
21
Let f(g) = g**2 + 4*g - 1. Let w(t) = 3*t + 1. Calculate the remainder when w(3) is divided by f(-5).
2
Let q = -32 - -47. Suppose -3*d = 0, 3*m + 0 = -2*d - 3. Calculate the remainder when 1 + m + 0 + 29 is divided by q.
14
Let s(l) = l**2 - 6*l - 3. Let k be s(5). Let v = -6 - k. What is the remainder when v is divided by 1?
0
Let q = -4 - -7. Suppose -q*t - 3*m - 6 = -6*t, t + 2*m - 5 = 0. Calculate the remainder when t is divided by 3.
0
Suppose -c - 1 = -5. Calculate the remainder when 9 is divided by c.
1
Let y = -18 + 29. Let i = 75 - 54. What is the remainder when i is divided by y?
10
Suppose -20*i + 76 = -16*i. Calculate the remainder when 113 is divided by i.
18
Suppose 2*a = -a + x + 58, -56 = -4*a - 4*x. Suppose -a = 5*c - 7*c. Calculate the remainder when 35 is divided by c.
8
Let d = 19 - 14. Suppose d*t - t = 300. What is the remainder when t is divided by 19?
18
What is the remainder when 54 is divided by (7 - 9) + 23 + -2?
16
Let j(z) = -3 - 2*z - 3 + 5. Let l(s) = -s**2 - 2*s + 1. Let i be l(1). What is the remainder when 4 is divided by j(i)?
1
Let w = 5 + -3. Suppose -w*y = 2*m - 22, -25 - 18 = -5*y - m. Calculate the remainder when 21 is divided by y.
5
Suppose -3*o + 94 = -86. What is the remainder when o is divided by 31?
29
Let y(m) = 2*m - 5. Let w be y(6). Suppose -w*v = -3*v - 24. Suppose -3*o + 3 = 2*l + 5, 0 = -3*o - v. Calculate the remainder when l is divided by 2.
0
Suppose 0 = -9*u + 1428 + 129. What is the remainder when u is divided by 22?
19
Let k(n) = -n**3 + 6*n**2 - 7*n + 8. Let q be k(5). Calculate the remainder when 32 is divided by (-34)/(-8)*-2*q.
15
Suppose -4*q + 4 = -3*r - 11, -4*r - 20 = 4*q. Suppose 7*d - 3*d - 8 = q. Suppose 2*k = -d*k + 40. What is the remainder when 19 is divided by k?
9
Suppose -3*l + 162 - 3 = 0. Let w = l + -23. Calculate the remainder when w is divided by 11.
8
Let u(g) = -7*g. Let c(f) = -f**3 + f - 9. Let v be c(0). Let k be u(v). Suppose -5*o + k = 3. Calculate the remainder when 34 is divided by o.
10
Suppose -3*c + 1 = 2*m - 8, -2*c + 14 = 4*m. Suppose f = m*f - 94. Calculate the remainder when f is divided by 25.
22
Suppose 34 + 2 = 4*m. Calculate the remainder when 69 is divided by m.
6
Suppose 0 = r - 38 + 9. Let c be 9 + -11 + 101 + 1. What is the remainder when r is divided by 156/10 + (-60)/c?
14
Let r = 119 + -65. What is the remainder when r is divided by 14?
12
Let i(b) = b**2 + b + 51. Let c(h) = -3*h**3 + 2*h**2 + 4*h + 2. Calculate the remainder when i(0) is divided by c(-2).
25
Let y = 57 + -45. What is the remainder when y is divided by 7?
5
Let b(w) = w**2 + 9*w + 9. Calculate the remainder when 51 is divided by b(-9).
6
Let p(s) = -3*s - 15. Let u(k) = 4*k + 16. Let b(q) = 5*p(q) + 4*u(q). What is the remainder when 2 is divided by b(12)?
0
Let s(r) = r**3 - 3*r**2 + 6*r. Let f(t) = 4*t**2 + t - 1. Let w be f(1). What is the remainder when s(w) is divided by 21?
19
Let s = -2 - -7. Suppose s*p = -25, 5*h - 35 = 2*p + p. Calculate the remainder when ((-4)/(-3))/(6/27) is divided by h.
2
Suppose c + 4*q - 200 = -3*c, -4*q + 148 = 3*c. Calculate the remainder when c is divided by 14.
10
Let l(a) = 0*a - 2*a + a + a**2 - a**3 + 0*a. Suppose i - 5 = -1. Calculate the remainder when l(-2) is divided by i.
2
Suppose 3*u + 0*u - 166 = x, 0 = -5*u - 3*x + 300. What is the remainder when u is divided by 12?
9
Let a be 1*(1 - 0)*3. Suppose v - 3*o = -10, 8*o - a*o = 5*v + 10. Suppose -33 = -t - 2*t - 4*w, -5*w = -v*t + 45. What is the remainder when t is divided by 8?
7
Let h = 74 - 51. Calculate the remainder when 89 is divided by h.
20
Let j(i) = -i**2 - 22*i - 30. What is the remainder when 24 is divided by j(-20)?
4
Suppose -h = 5*z - 239, -3*z = -2*h - 2*z + 434. Calculate the remainder when h is divided by 44.
43
Suppose -u + 3 = 0, 3*u - 7*u - 52 = -4*g. Suppose 5*x = 5*q + 30, -4*q + q = 12. What is the remainder when g is divided by x/4 - 17/(-2)?
7
Let f = -485 + 344. What is the remainder when 9/15 + f/(-15) is divided by 4?
2
Let x(m) = 24*m - 1. Calculate the remainder when x(3) is divided by 36.
35
Let o(j) = -4*j - 1. Let t be 6/8 - 65/(-20). Suppose t*c = 6*c + 10. Calculate the remainder when 55 is divided by o(c).
17
What is the remainder when 9 is divided by 34/12 + -2*4/(-48)?
0
Let b(u) = 5*u**2 + 0*u**2 - 7*u + 6*u - 7. Calculate the remainder when 69 is divided by b(3).
34
Let x(f) = -f**3 + 4*f**2 - 2*f - 3. Let c be x(3). Suppose c = -3*u - 0*u + 21. What is the remainder when 12 is divided by u?
5
Suppose r - 2*r - 308 = -5*w, -w = 3*r - 68. What is the remainder when 120 is divided by w?
58
Let x(t) = t**3 - 2*t**2 - 3*t - 3. Let b(q) = 8*q + 2. Let k be b(6). Suppose 2*c = c + k. What is the remainder when c is divided by x(4)?
16
Suppose -r = -4*g - 10, 6*g - 140 = -4*r + 2*g. Let q = -7 + 23. What is the remainder when r is divided by q?
14
Let a(n) = -n**3 + 4*n**2 - 3*n + 1. Suppose 0 = -d - 10 + 11. Calculate the remainder when d is divided by a(3).
0
Let z = 33 - 9. Let v(d) = 5*d**2 - 4*d - 1. What is the remainder when v(-4) is divided by z?
23
What is the remainder when 8/12 + (-1516)/(-12) is divided by 26?
23
Let w = 43 - 28. Calculate the remainder when 58 is divided by w.
13
Let b = -79 + 80. Calculate the remainder when 18 is divided by b.
0
Let g(s) = -14*s - 8. Calculate the remainder when 58 is divided by g(-2).
18
Calculate the remainder when 31 is divided by (-14)/63 + 20/9 - -9.
9
Let h = 57 + -34. Calculate the remainder when 135 is divided by h.
20
Suppose -3*x = -0*x - 9. Suppose -74 - 55 = -x*d. What is the remainder when d is divided by (15 - (-1 - 0)) + -1?
13
Suppose -2*x = z - 7, z = 3*x - 2*x - 11. Calculate the remainder when 1/(-6) + 1/((-48)/(-824)) is divided by x.
5
Let i = 8 - -35. Let c = 31 - i. Calculate the remainder when 17 is divided by 0 + -1 - (2 + c).
8
Suppose 4*z + 4*s = -148, -3*z - 4*s = -7*z - 172. Calculate the remainder when (z/(-12))/(6/9) is divided by 2.
1
Let c(o) = 6*o - 1. Let g be c(4). Suppose -3*k + 5*p + 31 = 0, k - 5*p - g = 2*k. Calculate the remainder when k is divided by 2.
0
Let b be (-2)/1 + 5 - 48. Let t = b - -63. Calculate the remainder when 34 is divided by t.
16
Let j = -3 + 3. Suppose -b - 33 = -3*s + 52, -3*s - 4*b + 80 = j. What is the remainder when s is divided by ((-30)/2)/(-2 - -1)?
13
Suppose -3*s + 64 = -y + 5*y, 5*y = -2*s + 38. Let d = -3 + -5. Let m(w) = -w**2 - 8*w + 9. Calculate the remainder when s is divided by m(d).
6
Suppose -5*b + 6*s = 2*s, -4*s + 20 = 0. Calculate the remainder when 15 is divided by b.
3
Let x(v) be the first derivative of 2*v**2 - 2*v - 1. Suppose -4*b = 3*s - 74, 0*s + 3*s = -3*b + 69. Calculate the remainder when s is divided by x(3).
8
Let g(i) = i**2 - 10*i + 3. Let d be g(10). Suppose -d*b + 0*b + 93 = 0. Suppose 2*z + b = 3*z. Calculate the remainder when z is divided by 8.
7
Let o(l) = l**2 - 3*l + 4. What is the remainder when o(9) is divided by 12?
10
Let j = 22 - 5. Suppose 2*x = i - 2*i + 58, 3*x - 207 = -4*i. Calculate the remainder when i is divided by j.
14
Suppose 2*m + 3 = 25. Suppose 4*a - 46 - 38 = 0. What is the remainder when a is divided by m?
10
Let d(n) = 21*n - 1. Let h be d(1). Suppose h = y - 10. Calculate the remainder when y is divided by 4/((1/4)/1).
14
Let p(c) = 22*c**2 - 3*c - 2. What is the remainder when 44 is divided by p(-1)?
21
Let o be (35/(-2))/(3/(-12)). Suppose -4*v + 4*u - 104 = -2*v, -3*v = 2*u + 124. Let z = 